 composite?
False
Is 247067 prime?
True
Is 12677 a composite number?
True
Is 11561 prime?
False
Is 16921 a prime number?
True
Is 24359 composite?
False
Is 213713 a composite number?
False
Is 4391 a prime number?
True
Is 366109 a composite number?
True
Is 107921 prime?
False
Is 97 composite?
False
Is 10299 prime?
False
Is 649653 a prime number?
False
Is 12251 prime?
True
Is 21709 a composite number?
True
Is 60859 a prime number?
True
Is 136727 a prime number?
True
Is 86609 a prime number?
False
Is 61837 prime?
True
Is 5045 a prime number?
False
Is 11777 a composite number?
False
Is 4704889 prime?
False
Is 335659 a composite number?
True
Is 4406 composite?
True
Is 493273 composite?
True
Is 112831 a prime number?
True
Is 3981 a prime number?
False
Is 35693 prime?
False
Is 810737 a prime number?
True
Is 596987 prime?
True
Is 150289 composite?
True
Is 26821 a composite number?
False
Is 998 a prime number?
False
Is 640569 prime?
False
Is 12587 a prime number?
False
Is 38111 a composite number?
True
Is 3542143 a composite number?
True
Is 24859 composite?
False
Is 43997 prime?
True
Is 53999 prime?
False
Is 12889 composite?
False
Is 14242 a composite number?
True
Is 842729 a prime number?
True
Is 3444983 a prime number?
False
Is 27791 a composite number?
False
Is 2322197 prime?
False
Is 4721 a prime number?
True
Is 351029 a composite number?
True
Is 2271026 a prime number?
False
Is 52853 composite?
True
Is 56081 a composite number?
False
Is 13469 a prime number?
True
Is 249 prime?
False
Is 64705 a composite number?
True
Is 107227 prime?
True
Is 375665 a composite number?
True
Is 1411 composite?
True
Is 7411 prime?
True
Is 31 a composite number?
False
Is 1728703 prime?
False
Is 37189 prime?
True
Is 41569 a composite number?
True
Is 3478899 a prime number?
False
Is 8563 a prime number?
True
Is 3761 a composite number?
False
Is 24671 a composite number?
False
Is 3935 a prime number?
False
Is 9487 a composite number?
True
Is 14813 composite?
False
Is 51871 composite?
False
Is 3821 composite?
False
Is 3491 a composite number?
False
Is 6197 prime?
True
Is 122882 prime?
False
Is 1642363 a prime number?
True
Is 69953 a prime number?
False
Is 11359 a prime number?
False
Is 8491 a prime number?
False
Is 83297 composite?
True
Is 45361 composite?
False
Is 655157 composite?
False
Is 59743 composite?
False
Is 1405 a composite number?
True
Is 49103 composite?
False
Is 565 a composite number?
True
Is 19357 a composite number?
True
Is 7411 prime?
True
Is 19237 prime?
True
Is 26627 a prime number?
True
Is 187021 a composite number?
True
Is 12323 a composite number?
False
Is 749279 a prime number?
True
Is 119267 prime?
True
Is 5297 a composite number?
False
Is 16993 a composite number?
False
Is 101063 a composite number?
False
Is 355753 composite?
False
Is 2977951 a composite number?
False
Is 11581 a composite number?
True
Is 263877 a prime number?
False
Is 33049 a prime number?
True
Is 1561 composite?
True
Is 62099 a composite number?
False
Is 4836817 a prime number?
False
Is 1214 a composite number?
True
Is 4671937 a composite number?
False
Is 12821 a prime number?
True
Is 212777 a prime number?
True
Is 29037 a prime number?
False
Is 149143 a prime number?
True
Is 29459 a composite number?
True
Is 14243 a prime number?
True
Is 2369869 a composite number?
True
Is 410581 a composite number?
True
Is 565 a prime number?
False
Is 272465 a composite number?
True
Is 6459 composite?
True
Is 1170049 prime?
True
Is 5627 prime?
False
Is 1446359 a prime number?
True
Is 54157 a prime number?
False
Is 545617 composite?
False
Is 35519 composite?
True
Is 31669 a composite number?
True
Is 337453 composite?
False
Is 19181 a prime number?
True
Is 12401 composite?
False
Is 459263 a prime number?
False
Is 26473 prime?
False
Is 2833 prime?
True
Is 200713 a prime number?
True
Is 34795 a prime number?
False
Is 227189 a prime number?
True
Is 2533 prime?
False
Is 1711 composite?
True
Is 23789 a prime number?
True
Is 283555 composite?
True
Is 46318 a composite number?
True
Is 9327 a prime number?
False
Is 35381 prime?
True
Is 693283 a prime number?
True
Is 7649 prime?
True
Is 967 prime?
True
Is 1186973 a prime number?
True
Is 68219 prime?
True
Is 2927 composite?
False
Is 3593 prime?
True
Is 33739 a prime number?
True
Is 3278341 a prime number?
False
Is 32458 composite?
True
Is 651139 a prime number?
True
Is 8347 prime?
False
Is 34031 composite?
False
Is 32869 a composite number?
False
Is 3309 prime?
False
Is 4751 a prime number?
True
Is 121159 prime?
False
Is 8081 a composite number?
False
Is 5591 a composite number?
False
Is 121001 a composite number?
False
Is 192651 a prime number?
False
Is 8453 composite?
True
Is 4417 a composite number?
True
Is 284629 prime?
False
Is 95587 prime?
False
Is 170341 composite?
False
Is 35023 prime?
True
Is 340882 a composite number?
True
Is 7261 a prime number?
False
Is 6761 prime?
True
Is 7799 a prime number?
False
Is 348119 prime?
False
Is 124385 prime?
False
Is 8999 composite?
False
Is 113453 a composite number?
False
Is 782339 a prime number?
True
Is 13613 a composite number?
False
Is 30973 composite?
True
Is 4109 composite?
True
Is 10921 composite?
True
Is 701 prime?
True
Is 2833 composite?
False
Is 2772541 prime?
False
Is 345659 composite?
False
Is 2846 a composite number?
True
Is 19373 prime?
True
Is 11197 a prime number?
True
Is 233251 a prime number?
True
Is 3958 prime?
False
Is 28687 prime?
True
Is 69109 a composite number?
False
Is 61211 composite?
False
Is 1861 a prime number?
True
Is 54083 a prime number?
True
Is 2254327 a prime number?
True
Is 275767 a prime number?
True
Is 9745 composite?
True
Is 141311 a prime number?
True
Is 53479 a composite number?
False
Is 73915 a prime number?
False
Is 10007 composite?
False
Is 736639 composite?
False
Is 325573 prime?
False
Is 858387 prime?
False
Is 3563 a composite number?
True
Is 689 prime?
False
Is 75961 composite?
True
Is 35239 a composite number?
True
Is 88213 a composite number?
True
Is 133921 composite?
True
Is 325327 a composite number?
True
Is 893533 prime?
False
Is 301789 a prime number?
True
Is 2561 prime?
False
Is 5777 a composite number?
True
Is 249137 a composite number?
True
Is 721 a prime number?
False
Is 17717 composite?
True
Is 464705 composite?
True
Is 13982 a composite number?
True
Is 29989 a prime number?
True
Is 1618863 a prime number?
False
Is 70571 composite?
False
Is 12197 prime?
True
Is 572255 a composite number?
True
Is 206533 composite?
True
Is 1943 a prime number?
False
Is 1053029 a prime number?
True
Is 49157 composite?
False
Is 54617 composite?
False
Is 16741 composite?
False
Is 475799 a composite number?
True
Is 48961 prime?
False
Is 362003 a prime number?
True
Is 6599 composite?
False
Is 169759 composite?
True
Is 839 a composite number?
False
Is 10123 a prime number?
False
Is 4106 composite?
True
Is 19841 a prime number?
True
Is 23861 a composite number?
True
Is 20593 a composite number?
False
Is 28537 prime?
True
Is 4313827 composite?
True
Is 4835 a composite number?
True
Is 72809 prime?
False
Is 8677 a prime number?
True
Is 208099 prime?
True
Is 26929 a composite number?
True
Is 139579 a composite number?
True
Is 596555 prime?
False
Is 8947 a prime number?
False
Is 1883 composite?
True
Is 5671 a prime number?
False
Is 89515 prime?
False
Is 649 a composite number?
True
Is 36509 prime?
False
Is 26671 a composite number?
True
Is 607987 prime?
False
Is 52867 composite?
True
Is 1003 a composite number?
True
Is 323 prime?
False
Is 25219 a composite number?
False
Is 1193 composite?
False
Is 177209 composite?
False
Is 15259 a composite number?
False
Is 14519 prime?
True
Is 199103 prime?
True
Is 279899 a composite number?
True
Is 16163 a composite number?
True
Is 1313293 a prime number?
True
Is 29053 a composite number?
True
Is 500033 prime?
False
Is 85147 composite?
False
Is 190079 a composite number?
True
Is 21313 composite?
False
Is 560003 composite?
True
Is 11747 composite?
True
Is 306093 a composite number?
True
Is 1319651 prime?
True
Is 2321 a composite number?
True
Is 10573 prime?
False
Is 209641 composite?
True
Is 717565 composite?
True
Is 155741 prime?
True
Is 72019 a prime number?
True
Is 2722 prime?
False
Is 131701 composite?
False
Is 4061533 composite?
True
Is 40673